{"id":643,"date":"2024-01-01T12:00:38","date_gmt":"2024-01-01T11:00:38","guid":{"rendered":"https:\/\/www.tectuvation.com\/?page_id=643"},"modified":"2024-03-05T18:53:48","modified_gmt":"2024-03-05T17:53:48","slug":"mehrtalent-gmbh","status":"publish","type":"page","link":"https:\/\/www.tectuvation.com\/index.php\/mehrtalent-gmbh\/","title":{"rendered":"Mehrtalent GmbH"},"content":{"rendered":"\n<h2 class=\"wp-block-heading\"><strong>Mittelstand ist unserer Fokus<\/strong><\/h2>\n\n\n\n<p>Wir finden Personal f\u00fcr Familienunternehmen, denn die Personalsuche ist sowohl inhaltlich als auch zeitlich ein aufwendiger Prozess, f\u00fcr den ein Unternehmen nicht immer die Kapazit\u00e4t besitzt. Da ist es naheliegend, sich Unterst\u00fctzung durch einen Experten hinzuzuziehen.&nbsp;<\/p>\n\n\n\n<p>Leider gibt es Beratungsfirmen, die in Kandidatinnen und Kandidaten nur wandelnde Lebensl\u00e4ufe sehen, die es schnell zu verteilen gilt, um m\u00f6glichst bald ein Ergebnis zu erzielen.&nbsp;<\/p>\n\n\n\n<p>Das sehen wir anders! Bei uns spielt Individualisierung eine entscheidende Rolle, da sie dazu beitr\u00e4gt, sowohl die Bed\u00fcrfnisse und Erwartungen unserer Kunden, als auch der Kandidaten besser zu erf\u00fcllen.<\/p>\n\n\n\n<pre class=\"wp-block-preformatted\">\n\u00a0<a rel=\"noreferrer noopener\" href=\"https:\/\/www.mehrtalent.de\/\" data-type=\"URL\" data-id=\"https:\/\/www.mehrtalent.de\/\" target=\"_blank\">www.mehrtalent.de<\/a><\/pre>\n","protected":false},"excerpt":{"rendered":"<p>Mittelstand ist unserer Fokus Wir finden Personal f\u00fcr Familienunternehmen, denn die Personalsuche ist sowohl inhaltlich als auch zeitlich ein aufwendiger Prozess, f\u00fcr den ein Unternehmen nicht immer die Kapazit\u00e4t besitzt. Da ist es naheliegend, sich Unterst\u00fctzung durch einen Experten hinzuzuziehen.&nbsp; Leider gibt es Beratungsfirmen, die in Kandidatinnen und Kandidaten nur wandelnde Lebensl\u00e4ufe sehen, die es &hellip; <\/p>\n<p class=\"link-more\"><a href=\"https:\/\/www.tectuvation.com\/index.php\/mehrtalent-gmbh\/\" class=\"more-link\"><span class=\"screen-reader-text\">\u201eMehrtalent GmbH\u201c<\/span> weiterlesen<\/a><\/p>\n","protected":false},"author":2,"featured_media":0,"parent":0,"menu_order":0,"comment_status":"closed","ping_status":"closed","template":"","meta":{"footnotes":""},"_links":{"self":[{"href":"https:\/\/www.tectuvation.com\/index.php\/wp-json\/wp\/v2\/pages\/643"}],"collection":[{"href":"https:\/\/www.tectuvation.com\/index.php\/wp-json\/wp\/v2\/pages"}],"about":[{"href":"https:\/\/www.tectuvation.com\/index.php\/wp-json\/wp\/v2\/types\/page"}],"author":[{"embeddable":true,"href":"https:\/\/www.tectuvation.com\/index.php\/wp-json\/wp\/v2\/users\/2"}],"replies":[{"embeddable":true,"href":"https:\/\/www.tectuvation.com\/index.php\/wp-json\/wp\/v2\/comments?post=643"}],"version-history":[{"count":9,"href":"https:\/\/www.tectuvation.com\/index.php\/wp-json\/wp\/v2\/pages\/643\/revisions"}],"predecessor-version":[{"id":658,"href":"https:\/\/www.tectuvation.com\/index.php\/wp-json\/wp\/v2\/pages\/643\/revisions\/658"}],"wp:attachment":[{"href":"https:\/\/www.tectuvation.com\/index.php\/wp-json\/wp\/v2\/media?parent=643"}],"curies":[{"name":"wp","href":"https:\/\/api.w.org\/{rel}","templated":true}]}}